 multiple of 198?
True
Is 78186303 a multiple of 369?
True
Is 60 a factor of 28582440?
True
Is 87027880 a multiple of 685?
True
Is 9 a factor of 3250688758?
False
Is 213414444 a multiple of 18?
True
Does 20 divide 928815904?
False
Is 7 a factor of 61718048?
True
Is 2140022370 a multiple of 26?
False
Is 75792425 a multiple of 5?
True
Does 748 divide 53338384?
True
Is 228 a factor of 230658024?
True
Does 2 divide 89702694?
True
Does 122 divide 45465008?
True
Is 36 a factor of 5405254613?
False
Does 41 divide 126331017?
False
Is 391 a factor of 46902796?
True
Does 1669 divide 1522558342?
False
Is 33013200 a multiple of 246?
True
Does 102 divide 1339554?
False
Does 918 divide 16222896?
True
Does 1542 divide 57439593?
False
Does 46 divide 10968976?
True
Is 240 a factor of 14305871?
False
Does 2 divide 1560842?
True
Is 14801889 a multiple of 599?
True
Does 17 divide 9125583?
True
Does 40 divide 308695400?
True
Is 1000 a factor of 280586177?
False
Does 31 divide 997920349?
True
Is 1879481 a multiple of 2?
False
Is 2135 a factor of 16546637?
False
Does 299 divide 26186420?
True
Does 4 divide 2796576?
True
Is 658812670 a multiple of 16?
False
Is 6 a factor of 107917956?
True
Is 2132180184 a multiple of 956?
True
Is 156 a factor of 150382641?
False
Is 38 a factor of 10589730?
False
Does 6705 divide 3557053083?
False
Is 493 a factor of 164340071?
True
Is 546048713 a multiple of 208?
False
Does 50 divide 38121500?
True
Is 212 a factor of 76552504?
False
Does 8 divide 16710685?
False
Is 32 a factor of 34006060?
False
Is 6 a factor of 90068811?
False
Is 55 a factor of 52411700?
True
Is 11242860 a multiple of 5?
True
Is 26 a factor of 87010326?
True
Is 47 a factor of 18284034?
True
Is 1681318150 a multiple of 13?
False
Is 2381465020 a multiple of 6108?
False
Is 1148 a factor of 71019085?
False
Is 99905955 a multiple of 44?
False
Is 18 a factor of 68754078?
True
Is 37 a factor of 125394517?
True
Does 2222 divide 23475430?
True
Is 15166383 a multiple of 193?
False
Does 1315 divide 1385191897?
False
Is 616 a factor of 102488232?
True
Does 9070 divide 248955887?
False
Is 1937 a factor of 22114729?
True
Is 1870 a factor of 3533725511?
False
Is 2329 a factor of 367048071?
True
Is 872 a factor of 821399848?
False
Does 30 divide 590222684?
False
Is 130959853 a multiple of 6?
False
Does 213 divide 3163826385?
True
Is 1059186600 a multiple of 225?
True
Does 16 divide 1385282922?
False
Is 212 a factor of 251549448?
True
Is 7006 a factor of 1134100051?
False
Is 964885 a multiple of 673?
False
Is 15 a factor of 3800855100?
True
Is 22 a factor of 24827797?
False
Is 3 a factor of 1401203289?
True
Does 6950 divide 6983306281?
False
Does 1466 divide 5004074222?
False
Is 36773149 a multiple of 371?
True
Does 3 divide 8557240?
False
Does 13 divide 396274942?
False
Is 60186183 a multiple of 29?
False
Is 56 a factor of 444947447?
False
Is 47281946 a multiple of 13?
False
Is 236306350 a multiple of 50?
True
Does 65 divide 26436390?
False
Does 6 divide 17005110?
True
Is 529706671 a multiple of 44?
False
Does 560 divide 51095835?
False
Is 246 a factor of 2150199378?
False
Does 3 divide 726646?
False
Is 65073551 a multiple of 1116?
False
Is 1945 a factor of 76753590?
True
Is 2630 a factor of 100579295?
False
Is 3201757495 a multiple of 242?
False
Is 197784982 a multiple of 136?
False
Does 970 divide 1931399407?
False
Is 20 a factor of 141232660?
True
Is 139059891 a multiple of 9?
True
Does 18 divide 280643148?
True
Does 26 divide 789412434?
False
Is 6 a factor of 22249512?
True
Is 153 a factor of 25335423?
True
Does 1975 divide 17197126?
False
Is 40118445 a multiple of 25?
False
Is 695 a factor of 4457035?
True
Is 724 a factor of 136977065?
False
Is 7 a factor of 467694132?
False
Is 794 a factor of 26183738?
True
Does 19 divide 309232428?
False
Is 14 a factor of 26475666?
True
Is 13 a factor of 2432377077?
True
Is 1002110213 a multiple of 64?
False
Is 133 a factor of 20923161?
True
Does 109 divide 35644526?
True
Does 20 divide 457288603?
False
Is 424023358 a multiple of 41?
False
Does 4 divide 34988336?
True
Is 231 a factor of 2046124628?
False
Is 1176 a factor of 265753656?
True
Is 59 a factor of 65550770?
True
Is 1416328051 a multiple of 8517?
False
Is 816655032 a multiple of 1308?
True
Is 53 a factor of 67378635?
True
Is 9392004 a multiple of 1026?
True
Is 3374185 a multiple of 21?
False
Is 514927995 a multiple of 60?
False
Is 247 a factor of 56056897?
True
Does 1692 divide 72860363?
False
Does 264 divide 42145488?
True
Is 1854 a factor of 343951606?
False
Is 252 a factor of 1345373064?
True
Is 186041679 a multiple of 55?
False
Does 5 divide 4283277?
False
Does 649 divide 102854818?
True
Is 17 a factor of 47244989?
True
Is 273 a factor of 649741092?
True
Is 44247168 a multiple of 2832?
True
Is 25463207 a multiple of 42?
False
Is 845988 a multiple of 754?
True
Is 1490177730 a multiple of 3452?
False
Is 5319 a factor of 561825237?
False
Is 437999136 a multiple of 16?
True
Does 9 divide 26365024?
False
Is 54514755 a multiple of 446?
False
Is 3017043708 a multiple of 10?
False
Is 89612198 a multiple of 26?
True
Is 95200560 a multiple of 195?
True
Does 68 divide 120258925?
False
Is 5270470122 a multiple of 72?
False
Does 580 divide 1254290020?
True
Does 333 divide 646607489?
False
Is 1286183904 a multiple of 1243?
False
Is 36 a factor of 12942007?
False
Does 5 divide 1992163?
False
Is 330269880 a multiple of 184?
True
Does 630 divide 228240180?
True
Is 115439672 a multiple of 99?
False
Is 119 a factor of 14798481?
False
Does 9 divide 98862381?
True
Is 1377 a factor of 1969406055?
True
Is 346192077 a multiple of 38?
False
Is 163886934 a multiple of 6?
True
Does 25 divide 323459350?
True
Is 9 a factor of 644714253?
True
Is 254178174 a multiple of 346?
True
Is 1736 a factor of 248287928?
True
Is 14031750 a multiple of 50?
True
Is 35 a factor of 375841585?
True
Is 156 a factor of 31056576?
False
Is 39791158 a multiple of 22?
True
Does 53 divide 2915947179?
False
Does 4312 divide 1823156720?
True
Does 14 divide 1771667674?
True
Is 36 a factor of 86321448?
True
Is 759 a factor of 132941886?
True
Is 24 a factor of 48732864?
True
Is 101 a factor of 41503728?
True
Is 1600347551 a multiple of 11?
True
Is 2870 a factor of 702928484?
False
Does 129 divide 72573207?
True
Is 1151775792 a multiple of 48?
True
Is 36136138 a multiple of 1786?
True
Does 2061 divide 16304451?
False
Is 39363806 a multiple of 548?
False
Is 306 a factor of 13165313?
False
Is 1195440 a multiple of 60?
True
Is 915 a factor of 2289342746?
False
Does 540 divide 842692112?
False
Is 1194984385 a multiple of 568?
False
Is 101 a factor of 58708199?
False
Is 2501801 a multiple of 3369?
False
Is 12322688 a multiple of 136?
True
Is 10495505 even?
False
Is 1443 a factor of 3256584497?
False
Is 7959574504 a multiple of 197?
False
Is 7447590 a multiple of 104?
False
Is 836657644 a multiple of 223?
True
Is 293 a factor of 495463?
True
Does 55 divide 530471555?
False
Does 828 divide 1624531860?
True
Does 666 divide 1158528978?
True
Is 90 a factor of 990235923?
False
Is 56 a factor of 43514744?
True
Does 593 divide 22565708?
False
Is 69710578 a multiple of 418?
False
Is 274454676 a multiple of 621?
True
Is 1399529 a multiple of 12?
False
Is 44312662 a multiple of 626?
True
Does 7666 divide 2468099345?
False
Is 367 a factor of 29563347?
False
Is 23813249 a multiple of 4358?
False
Is 252934766 a multiple of 98?
True
Is 62 a factor of 80159812?
False
Is 30020135 a multiple of 26?
False
Is 40 a factor of 561900280?
True
Is 706088479 a multiple of 115?
False
Is 24 a factor of 281546856?
True
Does 1904 divide 950920432?
True
Does 970 divide 3612945750?
False
Does 20 divide 38638440?
True
Does 76 divide 344443303?
False
Is 4 a factor of 5350789?
False
Is 710 a factor of 160676550?
True
Does 27 divide 6778258?
False
Does 196 divide 13294092?
True
Is 2392 a factor of 996010266?
False
Does 48 divide 38880576?
True
Is 12 a factor of 159087555?
False
Does 4394 divide 257545101?
False
Is 1138 a factor of 483091242?
True
Is 317182704 a multiple of 1090?
False
Is 109056976 a multiple of 262?
True
Does 2398 divide 53223610?
True
Is 69010960 a multiple of 293?
False
Does 2 divide 7352?
True
Is 27 a factor of 20609667?
True
Is 1903 a factor of 69864754